or of k and 25.
5
Let b(z) = -3*z - 2. Let t be b(-1). Calculate the greatest common divisor of t and 11.
1
Suppose 15 = -5*b - 5. Let k be (-1 - 5)*2/b. Suppose -1 + 10 = y. Calculate the highest common factor of y and k.
3
Let n be 7/28 - 15/(-4). What is the greatest common divisor of 12 and n?
4
Let m(s) = -86*s - 1. Let f be m(-1). Calculate the highest common divisor of f and 34.
17
Let s be (-5)/(5/(-3))*5. Let n = 96 - -24. What is the greatest common divisor of n and s?
15
Suppose -10 = -5*q, -2*y - q + 50 = y. Calculate the highest common divisor of 128 and y.
16
Let a(j) = -2*j**2 + 15*j - 3. Let g be a(6). Calculate the greatest common divisor of 10 and g.
5
Suppose 0 = -k + 2, -3*b - 2*k = -5*k - 714. What is the highest common divisor of 20 and b?
20
Let v = -47 - -59. Calculate the greatest common factor of v and 96.
12
Let v = 8 + 27. Suppose 5*h = 2*m - 36 + 7, -3*m + v = h. Calculate the highest common factor of 24 and m.
12
Let l = 74 - 59. Calculate the highest common factor of 60 and l.
15
Suppose c + 2 = -0*c, 0 = -m + 5*c + 4. Let i be ((-2)/m)/(2/30). Suppose -7 = 2*l + 1, 2*l - i = -o. What is the highest common factor of 13 and o?
13
Let i(m) = -m**2 - m + 4. Let z be i(-2). Calculate the greatest common factor of z and 38.
2
Let j be (-16)/(-12)*(-6)/4 - -7. What is the highest common factor of 85 and j?
5
Let z(p) = -p**3 - 5*p**2 + 8*p - 2. Let a be z(-7). Let i be (-1 - -11)*1/2. What is the greatest common divisor of a and i?
5
Let q be (-30)/9*(-15)/5. Calculate the highest common divisor of q and 25.
5
Let q(k) = 8*k**2 - 2*k + 0 + 4*k - 1. Let l be q(3). Calculate the greatest common divisor of 7 and l.
7
Suppose 70 + 505 = 5*i. What is the highest common factor of i and 46?
23
Let m be 3 + -4 + 7*7. What is the highest common divisor of 120 and m?
24
Let y be (-6174)/(-77) - (-2)/(-11). Suppose -2*j + 3*u = -32, 6*j - y = j + 2*u. Calculate the greatest common factor of 24 and j.
8
Let v = 64 - 48. What is the greatest common divisor of v and 40?
8
Let v(f) = -f**3 + 11*f**2 - 3*f + 6. Let x be v(11). Let j = 48 + x. Let t = 8 + -1. What is the greatest common divisor of t and j?
7
Let q(s) = 2*s**2 - 19*s + 10. Let c be q(14). What is the highest common divisor of c and 17?
17
Suppose 2*a = -0*a + 74. Suppose 5*b - a = 2*j, -2*b = 5*j - 8 - 1. Let d = 92 - 64. Calculate the highest common divisor of b and d.
7
Suppose -i - 3*d - 7 = -0*i, 0 = 2*d + 6. Suppose i*o + 0*o - 30 = 0. Calculate the greatest common factor of 60 and o.
15
Suppose 2*a = -3*a + k + 523, -a + 2*k = -101. Let o = a - 150. Let z be o/(-6)*(-12)/(-10). What is the highest common factor of 27 and z?
9
Let t(d) = d - 7. Let u be t(7). Let g be 19 - 2*(u - 1). What is the highest common divisor of 7 and g?
7
Suppose 7 - 3 = j. Let d(r) = 2*r**2 - r. Let t be d(-2). Let k = t + -6. What is the highest common factor of k and j?
4
Suppose 0*o = -2*o + 2, 4*o + 41 = d. Suppose 0*n - 8 = 2*n, -7 = g + 4*n. What is the highest common factor of g and d?
9
Let s(x) = -8*x - 5. Let z be s(-2). Calculate the highest common factor of z and 77.
11
Let i be (-1)/4 - 10/(-40). Suppose 5*z = -i*z + 10. Suppose 2*y = -y + 30. What is the greatest common divisor of y and z?
2
Suppose -16 - 103 = -7*m. What is the greatest common factor of 153 and m?
17
Suppose 5 = -4*m - 15. Let o be (4/m)/(1/(-10)). Calculate the highest common divisor of 8 and o.
8
Let x = -10 - -27. Let v = 31 + x. What is the greatest common divisor of 32 and v?
16
Suppose 5*u + 8 = c + 103, -19 = -u - 5*c. What is the greatest common divisor of u and 171?
19
Suppose v - 56 = -k, -2*v + 105 = -0*v - 5*k. Let f = -18 - -17. Let d be 4/f*(-5)/4. Calculate the highest common divisor of d and v.
5
Suppose -61 = -9*r + 74. Suppose 99 = -5*s + w, 0 = -s - s - 4*w - 44. Let a be s*(-6)/(-4)*-1. What is the greatest common factor of a and r?
15
Suppose 0 = 4*l + l - 35. Let w(b) = 0 + 2 + 3 + b + b**2 - 4. Let v be w(2). What is the greatest common divisor of l and v?
7
Let f(j) = j + 2. Let v = -3 - -4. Let p = 8 + v. Let t be f(p). What is the greatest common divisor of t and 1?
1
Suppose 0 = -0*a - 3*a + 12. Suppose -a*t - t = -25. Let g(p) = 19*p**2 + p. Let n be g(1). Calculate the highest common divisor of t and n.
5
Suppose 6 = -2*p, -5*w + 72 = p - 5*p. What is the greatest common divisor of w and 4?
4
Let d be (-1)/(-2 + 1)*166. Let g be 10/(-45) + d/18. Calculate the greatest common divisor of g and 6.
3
Suppose g - 22 = -2*f, 2*f - 5*g + 0*g - 34 = 0. Let o = 48 + -24. Let c be 24*2/(o/9). What is the highest common divisor of c and f?
6
Let r = 3 - -19. What is the greatest common factor of 22 and r?
22
Let w be -6 - (-1 - 3/(-3)). Let s(x) = x**3 + 7*x**2 + 6*x + 5. Let k be s(w). Let n = 12 - k. Calculate the highest common divisor of n and 35.
7
Let b = -14 + 16. What is the highest common divisor of b and 2?
2
Suppose 4*u + 4 = 2*u. Let m be (u - -4)*(1 + 2). Let v = m + -1. What is the greatest common factor of v and 10?
5
Suppose -7*j + 3*j = x - 10, -x - 2*j = -8. Let i be ((-38)/x - -3)*-9. What is the highest common divisor of 15 and i?
15
Suppose 0 = 5*x - 33 - 7. Let g = x + -6. Suppose 0 = g*n - 5*h - 24, -5*n + h - 4 = -87. Calculate the highest common divisor of n and 85.
17
Suppose 8 = -z + 26. Suppose -2*l = -3*d - 1, 3*l + 2*l + d = 11. Suppose 7*a = -l*u + 2*a + z, 4*a - 8 = 0. What is the greatest common divisor of u and 8?
4
Let z = -15 + 34. What is the greatest common divisor of z and 152?
19
Let q be 27 - (-3)/(2 - 3). Suppose 6*b - 430 = b. Suppose n + 4 = 0, 4*a + 3*n + 2 = b. Calculate the greatest common factor of q and a.
24
Let o(y) = -y**3 - 2*y**2 - 4*y - 2. Let k be o(-2). Let x = k + -18. Let f = x + 26. What is the greatest common divisor of f and 98?
14
Suppose -15 = 2*z - 5*z. Let l(x) = -x**3 + 8*x**2 - 3*x - 4. Let d be l(z). What is the greatest common factor of 8 and d?
8
Let l(z) = 3*z**2 - 11*z + 10. Let s = -6 + 13. Let f be l(s). Suppose u = -3*u + f. What is the highest common factor of 4 and u?
4
Suppose 0 = 5*n + 4*r + 1, 0 = -3*n + 3*r - 6*r - 3. Suppose 21 = n*z - 15. Suppose -2*y + 119 - 23 = 0. Calculate the highest common divisor of y and z.
12
Let w be (-4)/(8/(-2))*-1. Let s be w*(-2 - -2) - -2. What is the highest common divisor of 4 and s?
2
Let h be (2*-1)/(4/(-14)). Let n = 168 + -112. Calculate the greatest common divisor of n and h.
7
Let s be 2/(-7) - (-144)/14. Let r = -8 - -13. Suppose -5*n = -r*l - s*n + 10, 0 = 4*l - 3*n - 1. What is the greatest common divisor of 7 and l?
1
Let i(r) = -11*r - 5*r + 0*r. Let o be i(-3). Suppose o = 4*w + 12. What is the greatest common factor of w and 18?
9
Suppose -o + 5*o - 704 = 0. Calculate the highest common divisor of o and 16.
16
Let i = -1 + 12. Suppose 6*u = 64 + 2. What is the greatest common factor of u and i?
11
Suppose -31 = -2*b + 57. Suppose 2*o + 3*o - 20 = 0. Let x be 1/(2 - 7/o). What is the greatest common factor of x and b?
4
Suppose 2*t - 40 = -4*a + 3*a, 4*t + 28 = a. Let y = a - 23. What is the highest common factor of y and 13?
13
Let x(r) = r**3 + 4*r**2 - 6*r - 2. Let p = 6 + -11. Let g be x(p). Calculate the highest common factor of g and 3.
3
Suppose -31 = 3*d - 5*a - 89, 0 = 3*d - 2*a - 43. Let k = -10 + d. What is the greatest common factor of k and 8?
1
Suppose 2*r + 5*a = 3*r - 28, -2*r + 23 = a. What is the highest common divisor of 26 and r?
13
Let x(d) = d**2 - 9*d - 3. Let q be x(9). Let n be q/5 + 246/10. What is the greatest common factor of 16 and n?
8
Let r be ((-224)/(-6))/(2/6). Let k be (6/(-4))/((-21)/r). Let j(f) = f**2 - 7*f + 1. Let s be j(k). Calculate the greatest common divisor of s and 36.
9
Let q(n) = -n**3 - 5*n**2 + 4*n - 10. Let h be q(-6). Suppose h*o + 140 = 6*o. Calculate the highest common factor of o and 5.
5
Let l(q) = -2*q - 1 + 0 + 4 - q**2. Let w be l(-3). Suppose 5*u - 3*v - 47 = w, u = 3*v - 4 + 23. Calculate the highest common divisor of 70 and u.
7
Let c = -180 - -348. Suppose 3*z = -0*z + c. Let s(u) = u**3 + u + 14. Let j be s(0). Calculate the greatest common divisor of j and z.
14
Suppose 38 = -3*u - 5*p, 3*u = 3*p - 8 - 46. Let o = 28 + u. What is the greatest common factor of o and 48?
12
Suppose 2*u + 0*y + 